he prime factors of 20284.
2, 11, 461
List the prime factors of 130821.
3, 43607
List the prime factors of 6865.
5, 1373
List the prime factors of 3860.
2, 5, 193
List the prime factors of 28597.
28597
What are the prime factors of 46978?
2, 83, 283
List the prime factors of 80521.
7, 11503
List the prime factors of 962.
2, 13, 37
What are the prime factors of 188306?
2, 94153
What are the prime factors of 6007?
6007
List the prime factors of 2673.
3, 11
What are the prime factors of 1380?
2, 3, 5, 23
List the prime factors of 872.
2, 109
What are the prime factors of 1613?
1613
List the prime factors of 20628.
2, 3, 191
List the prime factors of 495.
3, 5, 11
List the prime factors of 6011.
6011
What are the prime factors of 2999?
2999
List the prime factors of 3247.
17, 191
What are the prime factors of 7360?
2, 5, 23
List the prime factors of 15262.
2, 13, 587
List the prime factors of 1308.
2, 3, 109
What are the prime factors of 4531?
23, 197
What are the prime factors of 3463?
3463
What are the prime factors of 3661?
7, 523
List the prime factors of 828.
2, 3, 23
List the prime factors of 16845.
3, 5, 1123
List the prime factors of 205.
5, 41
List the prime factors of 14979.
3, 4993
What are the prime factors of 13391?
7, 1913
List the prime factors of 4353.
3, 1451
What are the prime factors of 22562?
2, 29, 389
What are the prime factors of 1596?
2, 3, 7, 19
What are the prime factors of 2196?
2, 3, 61
List the prime factors of 6473.
6473
What are the prime factors of 529?
23
List the prime factors of 4248.
2, 3, 59
What are the prime factors of 4342?
2, 13, 167
List the prime factors of 89.
89
List the prime factors of 62464.
2, 61
List the prime factors of 2585.
5, 11, 47
List the prime factors of 7634.
2, 11, 347
What are the prime factors of 134?
2, 67
What are the prime factors of 629?
17, 37
What are the prime factors of 1342?
2, 11, 61
What are the prime factors of 492?
2, 3, 41
What are the prime factors of 2730?
2, 3, 5, 7, 13
What are the prime factors of 23034?
2, 3, 11, 349
What are the prime factors of 15997?
17, 941
List the prime factors of 17314.
2, 11, 787
List the prime factors of 82631.
19, 4349
What are the prime factors of 6468?
2, 3, 7, 11
List the prime factors of 28995.
3, 5, 1933
What are the prime factors of 16457?
7, 2351
What are the prime factors of 9447?
3, 47, 67
What are the prime factors of 470?
2, 5, 47
List the prime factors of 2573.
31, 83
What are the prime factors of 258?
2, 3, 43
What are the prime factors of 30587?
73, 419
List the prime factors of 8617.
7, 1231
What are the prime factors of 7197?
3, 2399
List the prime factors of 7126.
2, 7, 509
List the prime factors of 14042.
2, 7, 17, 59
What are the prime factors of 18082?
2, 9041
List the prime factors of 17108.
2, 7, 13, 47
What are the prime factors of 1293?
3, 431
List the prime factors of 1997.
1997
What are the prime factors of 1108?
2, 277
What are the prime factors of 544?
2, 17
What are the prime factors of 369?
3, 41
What are the prime factors of 29559?
3, 59, 167
What are the prime factors of 11810?
2, 5, 1181
List the prime factors of 13273.
13, 1021
List the prime factors of 680.
2, 5, 17
List the prime factors of 2393.
2393
List the prime factors of 113322.
2, 3, 11, 17, 101
List the prime factors of 1815.
3, 5, 11
What are the prime factors of 2196?
2, 3, 61
What are the prime factors of 698?
2, 349
What are the prime factors of 28648?
2, 3581
What are the prime factors of 5310?
2, 3, 5, 59
What are the prime factors of 1706?
2, 853
List the prime factors of 3816.
2, 3, 53
List the prime factors of 809.
809
List the prime factors of 77486.
2, 17, 43, 53
What are the prime factors of 6213?
3, 19, 109
List the prime factors of 13757.
13757
What are the prime factors of 1881?
3, 11, 19
What are the prime factors of 5979?
3, 1993
List the prime factors of 4079.
4079
What are the prime factors of 88389?
3, 7, 23, 61
What are the prime factors of 29032?
2, 19, 191
List the prime factors of 12930.
2, 3, 5, 431
List the prime factors of 6507.
3, 241
What are the prime factors of 6212?
2, 1553
What are the prime factors of 1463?
7, 11, 19
What are the prime factors of 503?
503
List the prime factors of 36681.
3, 12227
What are the prime factors of 13831?
13831
What are the prime factors of 4359?
3, 1453
What are the prime factors of 137895?
3, 5, 29, 317
What are the prime factors of 146834?
2, 73417
List the prime factors of 6300.
2, 3, 5, 7
List the prime factors of 5058.
2, 3, 281
List the prime factors of 14140.
2, 5, 7, 101
What are the prime factors of 5036?
2, 1259
What are the prime factors of 4644?
2, 3, 43
What are the prime factors of 76649?
76649
List the prime factors of 2612.
2, 653
What are the prime factors of 10667?
10667
List the prime factors of 797.
797
What are the prime factors of 1184?
2, 37
What are the prime factors of 65216?
2, 1019
List the prime factors of 4601.
43, 107
What are the prime factors of 35141?
35141
List the prime factors of 66407.
11, 6037
List the prime factors of 87328.
2, 2729
What are the prime factors of 7201?
19, 379
What are the prime factors of 1961?
37, 53
What are the prime factors of 1276?
2, 11, 29
List the prime factors of 40379.
149, 271
What are the prime factors of 15386?
2, 7, 157
List the prime factors of 480.
2, 3, 5
What are the prime factors of 3666?
2, 3, 13, 47
What are the prime factors of 3040?
2, 5, 19
List the prime factors of 882.
2, 3, 7
What are the prime factors of 658?
2, 7, 47
What are the prime factors of 961?
31
What are the prime factors of 13169?
13, 1013
What are the prime factors of 839?
839
What are the prime factors of 1261?
13, 97
What are the prime factors of 16?
2
List the prime factors of 1458.
2, 3
What are the prime factors of 6054?
2, 3, 1009
What are the prime factors of 81263?
7, 13, 19, 47
What are the prime factors of 33744?
2, 3, 19, 37
List the prime factors of 23817.
3, 17, 467
List the prime factors of 244.
2, 61
List the prime factors of 151874.
2, 75937
List the prime factors of 1331.
11
What are the prime factors of 1766?
2, 883
What are the prime factors of 158018?
2, 7, 11287
What are the prime factors of 12185?
5, 2437
List the prime factors of 914.
2, 457
What are the prime factors of 18034?
2, 71, 127
List the prime factors of 1707.
3, 569
What are the prime factors of 4348?
2, 1087
List the prime factors of 114237.
3, 4231
List the prime factors of 3953.
59, 67
What are the prime factors of 2537?
43, 59
List the prime factors of 2919.
3, 7, 139
What are the prime factors of 6360?
2, 3, 5, 53
What are the prime factors of 3990?
2, 3, 5, 7, 19
List the prime factors of 22379.
7, 23, 139
What are the prime factors of 97968?
2, 3, 13, 157
List the prime factors of 9697.
9697
List the prime factors of 6.
2, 3
What are the prime factors of 3844?
2, 31
List the prime factors of 1077.
3, 359
What are the prime factors of 21?
3, 7
List the prime factors of 1522.
2, 761
List the prime factors of 86052.
2, 3, 71, 101
What are the prime factors of 8275?
5, 331
List the prime factors of 489.
3, 163
What are the prime factors of 35724?
2, 3, 13, 229
What are the prime factors of 14647?
97, 151
What are the prime factors of 915?
3, 5, 61
List the prime factors of 30193.
109, 277
List the prime factors of 43236.
2, 3, 1201
What are the prime factors of 701?
701
What are the prime factors of 24514?
2, 7, 17, 103
List the prime factors of 36591.
3, 12197
List the prime factors of 1287.
3, 11, 13
List the prime factors of 106658.
2, 17, 3137
What are the prime factors of 33782?
2, 7, 19, 127
List the prime factors of 153093.
3, 51031
List the prime factors of 678.
2, 3, 113
List the prime factors of 83373.
3, 27791
List the prime factors of 7542.
2, 3, 419
List the prime factors of 17936.
2, 19, 59
What are the prime factors of 11541?
3, 3847
List the prime factors of 600.
2, 3, 5
List the prime factors of 348.
2, 3, 29
What are the prime factors of 861?
3, 7, 41
What are the prime factors of 27550?
2, 5, 19, 29
What are the prime factors of 190946?
2, 7, 23, 593
List the prime factors of 6052.
2, 17, 89
What are the prime factors of 13812?
2, 3, 1151
List the prime factors of 3725.
5, 149
What are the prime factors of 1783?
1783
List the prime